nder when f is divided by 31.
28
Let d be (-6)/(-2) + (-8 + 8 - -1). Suppose -a + 14 = 3*r, d*a - 2*r - 56 = -0*r. What is the remainder when 795 is divided by a?
11
Let l = 7446 + -7223. What is the remainder when 410 is divided by l?
187
Suppose -5*h = -6*w + 180, 47*w - 50*w + h + 90 = 0. Calculate the remainder when 1229 is divided by w.
29
Let c(o) = 22*o - 145. Let h be (9/2 - 0)*(3 - 1). Calculate the remainder when c(h) is divided by 28.
25
Let h(u) = -10*u**2 + 625*u + 226. What is the remainder when h(62) is divided by 20?
16
Let i(y) = -52*y. Suppose 64 - 151 = -3*k - c, -13 = -k + 5*c. Suppose -k = -o + 4*g + 7, -5*g - 10 = 0. What is the remainder when i(-2) is divided by o?
23
Let p = -439 + 443. Suppose -6 + 198 = p*z. What is the remainder when z is divided by 28?
20
Let a(w) = 2*w**3 - 11*w**2 + 3*w + 13. Let i be a(5). Suppose 11*n - 1267 = -4*t + 16*n, i*t - 955 = -n. What is the remainder when t is divided by 19?
14
Let t be ((-11)/(-3) + (-24)/36)*103. Let v = t + 40. Calculate the remainder when v is divided by 27.
25
Suppose -1368*j + 1341*j = -132165. Calculate the remainder when j is divided by 32.
31
Let w(c) = 28*c**3 + c**2 - 4*c + 2. Let g = -99 - -100. Suppose 27*z + 208 = 29*z. Calculate the remainder when z is divided by w(g).
23
Let f be (-70)/(-20)*(-24)/(-28). Suppose s = f*s - 24. What is the remainder when 52 is divided by s?
4
Suppose -4*v - 4 = -n - 7, 5*v - 3*n + 5 = 0. Suppose -3*x + 3*u + 40 + v = 0, -5*u = -x - 6. Calculate the remainder when 73 is divided by x.
16
Calculate the remainder when ((-5)/10*-34)/((-10)/(-210)) is divided by ((-2)/5)/(4/(-1800)*3).
57
Let g be (-2)/1 + 0 + 1. Let s(h) = -65*h - 1. Let f be s(g). Let m = -24 + f. Calculate the remainder when m is divided by 21.
19
Suppose 6*g + 405 = -1113. Let y = g + 276. What is the remainder when 341 is divided by y?
19
Let p(x) = -x**2 - 22*x - 36. Let y be p(-8). Suppose 0 = -w - 2, y + 16 = 4*f - 4*w. Calculate the remainder when (-2)/(1 - (-41)/(-39)) is divided by f.
18
Let v = 7008 + 5425. Calculate the remainder when v is divided by 18.
13
Let x = 4 - 1. Suppose x = 2*p - 15. Let w = 211745 + -211739. Calculate the remainder when p is divided by w.
3
Suppose -4*g = 2*v + 584, -g = 5*v + 675 + 749. Let c = v + 310. Calculate the remainder when c is divided by 6.
2
Let t(a) = -15*a - 502. What is the remainder when t(-36) is divided by (-2)/((-64)/(-22) - 4 - -1)?
16
Let c(q) = -q**3 - 23*q**2 - 114*q - 651. Let o(m) = 25*m**3 - m**2 + 2*m - 1. What is the remainder when c(-19) is divided by o(1)?
21
What is the remainder when 350 is divided by ((-975)/125)/(6/(-10))?
12
Suppose -1985*m + 234 = -1976*m. What is the remainder when 356 is divided by m?
18
Let v(r) = r**2 + 42*r + 355. What is the remainder when 513 is divided by v(-31)?
9
Let k = -5815 - -5888. What is the remainder when 422 is divided by k?
57
Let i(u) = 14*u**3 + 287*u**2 + 136*u + 4. Suppose 2*z + 72 = 4*x, 0 = 3*z + z. Suppose -g + 11 = -x. Calculate the remainder when i(-20) is divided by g.
26
Let w(q) = q**3 - 8*q**2 + 13*q - 1. Let l be w(6). Suppose -5*r - 10 = 0, 5*s - l*r + 113 - 958 = 0. Calculate the remainder when s is divided by 55.
2
Suppose 5*q - 1450 = 3*z - 8*z, -9 = -z. What is the remainder when 351 is divided by q?
70
Let a = 114 - 119. Let b(z) = -22*z - 24. Calculate the remainder when b(a) is divided by (1 - 2/1)*-22.
20
Let l = 7838 - 4573. What is the remainder when l is divided by 11?
9
Let o = 10767 - 10606. What is the remainder when o is divided by 152?
9
Let w(u) = -u**3 + 5*u**2 - 12*u - 8. Let x be w(5). Let s = -41 + x. Let h = -95 - s. What is the remainder when h is divided by 3?
2
Suppose 30*m + 22669 = 24889. Calculate the remainder when 3921 is divided by m.
73
Suppose 33333 - 117484 = -103*b. Calculate the remainder when b is divided by 118.
109
Suppose -100 = 86*m - 99*m + 43. Let n = -10 - -19. Calculate the remainder when m is divided by n.
2
What is the remainder when 1969 is divided by (-2442135)/(-3768) + 1/(-8)?
25
Let w(f) = 156*f + 4761. What is the remainder when w(-25) is divided by 144?
141
Let v(t) = -t**2 + 7*t + 10. Let s be v(7). Let a be s/(-16)*10 + (-11)/(-44). Let w(l) = l**2 + 5*l - 1. Calculate the remainder when 7 is divided by w(a).
2
Suppose -t + 268 = 49. Suppose -4*k - 5*q + 146 = 0, -4*k + 188 = q - 3*q. Calculate the remainder when t is divided by k.
43
Let h(n) = -4*n - 1. Let a(u) = 3*u + 1. Let m(v) = -7*a(v) - 6*h(v). Let c be m(2). Suppose -c*y = 2*y - 126. Calculate the remainder when y is divided by 13.
5
Let g(v) = -28*v + 5419. What is the remainder when g(27) is divided by 777?
1
Let q be -2 + 48/26 + 3933/(-39). Let i = q - -175. Calculate the remainder when i is divided by 38.
36
Suppose 45*f - 351 = -j + 47*f, -1474 = -4*j - 2*f. What is the remainder when j is divided by 44?
13
Let c be 1 + 1135/(-45) - 4/(-18). Let w(b) = b**2 + 19*b - 45. What is the remainder when w(c) is divided by 27?
21
Let f(i) = 5*i**3 - 4*i**2 - 2. Suppose 8*z - 4*z - 12 = 0. Let u = 4943 + -4909. What is the remainder when f(z) is divided by u?
29
Suppose 2*t + 4*q = -189 - 143, 5*q = -10. Let r = -120 - t. Suppose n - 121 = -z, 3*n = 2*n. What is the remainder when z is divided by r?
37
What is the remainder when (129/(-7))/(152/(-2128)) is divided by 200?
58
Let u = 6425 + -6025. What is the remainder when u is divided by 103?
91
Suppose -21 = 6*b - 129. Calculate the remainder when 107 is divided by (-12)/b + (-267)/(-9).
20
Calculate the remainder when ((-12)/(-3) - 3)/((-5)/(-2230)) is divided by 39.
17
Let g(r) = -r**3 - r**2 + 8*r + 14. Let c(z) = 29*z - 336. What is the remainder when c(26) is divided by g(-4)?
28
Let h = -5775 - -5800. Suppose -k - 522 = -3*t, t + k = -2*k + 164. What is the remainder when t is divided by h?
23
Suppose 29*o = 20*o + 3357. What is the remainder when o is divided by 7?
2
Let w be ((-20)/(-50) - -4)/(4/10). Let j = 22 - w. Calculate the remainder when 21 is divided by j.
10
Suppose 174*a + 6 = 177*a. Suppose -3*g = a*q - 121, -5*q - 199 = -5*g - 7*q. What is the remainder when 112 is divided by g?
34
Let d(b) = -3*b**3 - 5*b**2 + 4. Let y = 138 - 77. Calculate the remainder when y is divided by d(-2).
5
Let w = 43 - 38. Let s(m) = 6*m - 5*m**2 + 22*m**3 - 20*m**3 - 3*m**2. What is the remainder when s(w) is divided by 41?
39
Let j = 78 - 64. Suppose -j + 30 = 4*t. Suppose 22 - t = f. Calculate the remainder when f is divided by 7.
4
Let a(d) = -9*d**3 - d. Suppose 0 = -25*j + 9239 + 911. Suppose 0 = 397*w - j*w + 18. What is the remainder when a(-1) is divided by w?
0
Suppose 18*s = 20*s + 8. Suppose 2*a + 4 = 3*q, 2*q - 4 = -2*a + 3*q. What is the remainder when (-3 + (-15)/s)*8 is divided by a?
2
Suppose -4*m - m + 105 = 0. Let t = m - 21. Suppose -4*n - n - 4*l = -78, t = 3*l + 9. Calculate the remainder when n is divided by 4.
2
Let w be (-2)/(-5)*619 - 3/5. Let g = 289 - w. What is the remainder when 293 is divided by g?
41
Let f be 4/10 + (-4236)/(-60). Let u = 75 - f. Suppose 0 = -4*n + j - 107 + 472, u*j - 472 = -5*n. Calculate the remainder when n is divided by 32.
28
Suppose 0 = 4*b - 9*b. Suppose 4*z = z - 3*u + 69, b = -5*z + 4*u + 79. Calculate the remainder when 130 is divided by z.
16
Suppose 1823*z - 1821*z = 512. Calculate the remainder when z is divided by 29.
24
Suppose -12*g - 746 = -16*g - s, 2*g + 4*s - 380 = 0. Calculate the remainder when 6134 is divided by g.
182
Let r = 25 + -2. Suppose 272 - 709 = -r*l. Calculate the remainder when 246 is divided by l.
18
Let r(d) = d**2 + 44. Let a = -403 + 530. What is the remainder when a is divided by r(0)?
39
Let z be ((-15)/(-4))/(12/128). Let y = z - 40. Let q(i) = 4*i**2 - i + 32. Calculate the remainder when 63 is divided by q(y).
31
Let g(l) = -l + 119. Suppose -4*i = -12, -90 = -3*k + 3*i - 6*i. Calculate the remainder when g(-12) is divided by k.
23
Suppose 140 = -4*i + 9*i. Let q(u) = -7*u - 4. Let b be q(-7). Suppose -5*c + 5*t = -b, -2*t + 6*t + 30 = 3*c. Calculate the remainder when i is divided by c.
4
Suppose -i + 20 = 5*y, -4*i - 5*y = -25 - 10. Suppose -2*u = 4*f - 78, -i*u + f + f + 195 = 0. What is the remainder when 90 is divided by u?
12
Let j(d) = d**3 - 7*d**2 - 7*d + 7. Let f be